 = -6*r + 3*r. Let d = -61 - r. List the prime factors of d.
2, 5
Suppose 2*g + 5*n = 516, -5*g - 2*n + 1530 = 198. Suppose -12 = -3*r, -3*p - 3*r = -8*p + g. List the prime factors of p.
2, 7
Let h(n) = -874*n - 76. Let o(k) = 35*k + 3. Let l(y) = 3*h(y) + 76*o(y). What are the prime factors of l(2)?
2, 19
Let s(p) = 3*p - 19*p**2 - 18*p**2 + 38*p**2 + 10. List the prime factors of s(7).
2, 5
Suppose -12 = -2*j - 2*j. Suppose 3*w = -2*w + h, 2*w = -j*h. Suppose -z - 3*z - 20 = w, -4*u - 2*z + 70 = 0. List the prime factors of u.
2, 5
Let z be -2 - 8/(-1 - 0). Let v = z + 19. Suppose -5*r = v - 155. What are the prime factors of r?
2, 13
Let u(o) be the second derivative of -o**5/20 + 11*o**4/12 + 13*o**3/6 - 4*o**2 - 40*o. List the prime factors of u(7).
3, 31
Suppose y - 4*y = -12. Let m = y - 0. Suppose -2*v + 18 = m. What are the prime factors of v?
7
Suppose h + 2 = 4*t, 2*h + t = -0*h + 41. Suppose -21*n + 18*n + h = 0. Let s = n - -14. List the prime factors of s.
2, 5
Suppose -l + 3*l - 40 = 4*k, -25 = -5*k. Let r be (17 - l) + 0 + 1. List the prime factors of (r/(-3) + 25)*1.
29
Let c = -1651 + 3340. List the prime factors of c.
3, 563
Suppose -19 = 5*v - 2*t + 35, t - 2 = 0. Let o = v - -4. List the prime factors of (-28)/o*324/42.
2, 3
Let f(m) = -4*m - 24. Let u be f(-7). Suppose -q = -5*q - 8. What are the prime factors of q - (-8)/1 - u?
2
Suppose -254 = -2*q - 2*v, 0 = 6*q - 11*q - v + 631. List the prime factors of q.
2, 3, 7
Let c(w) = 5*w**2 - 36*w + 10. Let x(j) = 3*j**2 + 5*j - 4. Let y be x(-3). What are the prime factors of c(y)?
2, 3, 7
Let r(c) = c**2 - 6*c + 2. Let u be r(6). Let g be (-1)/2 + (-3)/u. List the prime factors of (g*1)/((-8)/44).
11
Let b = -16 + 45. Suppose -4*r + 2*t = -300, -t = r - b - 46. List the prime factors of r.
3, 5
Let v(q) = -6*q + 12. Suppose 0 = 2*b + 34 - 12. List the prime factors of v(b).
2, 3, 13
Let t be (-5)/(-2)*8/(-10). Let h(w) = w**2 + 3*w + 2. Let m be h(t). What are the prime factors of 2 - ((m - 2) + -3)?
7
Let b(u) = 4*u - 8*u**2 + 3 - 4*u + u - u**3. Let p be b(-8). What are the prime factors of -3*(-2)/(-5)*p?
2, 3
Let q be (-28)/(-6)*(-144)/(-56). What are the prime factors of (q/3 + -3)*40?
2, 5
Suppose -5*m + 8*m - 2*j - 3892 = 0, 0 = -j + 4. List the prime factors of m.
2, 5, 13
Let u(h) be the third derivative of -143*h**6/120 + h**5/20 + h**4/24 - h**3/6 - 8*h**2. List the prime factors of u(-1).
2, 3
Suppose 0 = -c - 5*c - 174. Let p = -68 + 23. Let d = c - p. What are the prime factors of d?
2
Let g(r) = 10*r + 8. Let n be g(-3). Let j = 40 + n. What are the prime factors of j?
2, 3
Let c(l) = -l**2 - 8*l - 4. Let f be c(-8). What are the prime factors of f/8 - 87/(-6)?
2, 7
Let y(u) = -122*u - 125. List the prime factors of y(-5).
5, 97
Let l be (12/18 - 0)/((-1)/3). Suppose 0 = 3*h - 2*h + 33. What are the prime factors of l/(-3) - 1331/h?
41
Let p(u) = -u**3 + 85*u**2 - 203*u - 123. List the prime factors of p(82).
41, 83
Let d(r) = -2*r**3 - 2*r**2 + r - 2. Let u be 2*-2*1/2. Let i be d(u). Suppose 0*q + i*q + 47 = 5*z, -49 = -5*z + 3*q. What are the prime factors of z?
11
Suppose 5*d = -16*q + 18*q + 2937, 3*q + 1177 = 2*d. What are the prime factors of d?
587
Suppose 0 = -85*y + 95*y - 19220. List the prime factors of y.
2, 31
Let j be (-2)/(-3) - -6*(-16)/(-72). Suppose q - j*a - 38 = 0, 3*q + q + 3*a = 130. What are the prime factors of q?
2, 17
Let z(x) = -2*x**2 + 6*x - 1. Let q be z(4). Let g(s) = -4*s**2 - 5*s - 11. Let u(k) = k**2 - k + 1. Let j(v) = -g(v) - 3*u(v). List the prime factors of j(q).
17
Let h = 1040 - 714. Let g = h + -99. Suppose -5*j + 3*v + 187 = -j, -g = -5*j - 3*v. What are the prime factors of j?
2, 23
Suppose 3582 + 2226 = 8*l. List the prime factors of l.
2, 3, 11
Suppose -1119 = 5*y + 2*c + 402, -2*c - 911 = 3*y. Let a = -116 - y. List the prime factors of a.
3, 7
Let u = 15 + -11. Let j be (-4)/(-6)*(-18)/u. What are the prime factors of (-2 - j)*(-3 - -42)?
3, 13
Let d(x) = 66*x - 139. List the prime factors of d(12).
653
Let p = -12 - -19. Suppose 0 = -8*g + p*g + 2. What are the prime factors of g?
2
Let o be ((-2)/(-1))/(8/(-20)). Let a = 9 + -11. Let q = a - o. List the prime factors of q.
3
Suppose 4*q - 8*q = 2*i - 16, 5*q = 3*i + 20. Let f(z) be the first derivative of z**3/3 + 5*z**2/2 + 8*z - 1. List the prime factors of f(q).
2, 11
Suppose 6*g = 34*g - 2296. List the prime factors of g.
2, 41
What are the prime factors of (-2 - 9/(-6))/(38/(-161272))?
2, 1061
Suppose -4*z + 2869 = j, 0 = 5*j + 3*z - 15106 + 727. What are the prime factors of j?
3, 7, 137
What are the prime factors of (-773)/(-2) - (-3)/(-6)?
2, 193
Let m = 63 + 403. What are the prime factors of m?
2, 233
What are the prime factors of ((13 - 9) + -3)/((-1)/(-1313))?
13, 101
Let l be (10/4)/(17/34). Suppose -2*i = -3*d + 1, -l*d + 4 = -3*i + 1. Suppose -d*r + 67 + 41 = 0. List the prime factors of r.
2, 3
Suppose -2*y - 254 = 4*s, 5*s + 196 = -4*y - 306. Let x = y - -195. List the prime factors of x.
2, 3
Suppose 1990 = 7*w + 639. List the prime factors of w.
193
Let w(p) = -21*p - 4. Let m(f) = -f**2 - 9*f - 20. Let k be m(-6). List the prime factors of w(k).
2, 19
Let q = -72 - -83. Let a = q - -109. List the prime factors of a.
2, 3, 5
Suppose -7*r + 11*r = 0. Suppose a + r*a = 0. Suppose a = -m - 2, 4*c - m = 2*m + 134. What are the prime factors of c?
2
Suppose 4160 = 10*d + 10*d. What are the prime factors of d?
2, 13
Let h(m) = 363*m + 14. List the prime factors of h(3).
1103
Suppose 4*t - 14728 = -6*z + 8*z, -4*t - 5*z = -14756. What are the prime factors of t?
2, 3, 307
Let t(f) = -2*f. Let j(h) = -h**3 - 10*h**2 + 2. Let u be j(-10). Let v be t(u). Let m = v + 20. List the prime factors of m.
2
List the prime factors of (-32)/176 + 4270/11.
2, 97
Let s(y) be the first derivative of y**3/3 - 15*y**2/2 + 11*y - 7. Let h be s(13). List the prime factors of 5*(-4 + (-219)/h).
53
Let j(i) = -46*i + 41. List the prime factors of j(-9).
5, 7, 13
Let k(q) = -q**2 + q + 2. Let n be k(0). Let r = n + 42. Let t = -24 + r. List the prime factors of t.
2, 5
Suppose 0 = 2*t - 10, r + 5*t - 33 = 52. What are the prime factors of r*(-34)/(-14) - 8/(-28)?
2, 73
Suppose -2*k - 5*f = 159, -3*k - 181 = -0*f - 4*f. Let c = k - -103. List the prime factors of c.
2, 3
Let y(k) = 12*k + 18*k + 1 + 13*k + 0*k. List the prime factors of y(1).
2, 11
Let t = 14 - 10. Suppose 4*s - 4 = -0*s, 4*s = -4*y + t. List the prime factors of (2 - (-1 + y)) + 33.
2, 3
Let k(i) = 36*i + 59. What are the prime factors of k(9)?
383
Let l = 135 + -68. Suppose -3*w + a - l = -0*w, -4*a - 5 = w. Let d = 29 + w. List the prime factors of d.
2
Let x(k) = k**3 + k**2 - 3*k + 1305. List the prime factors of x(0).
3, 5, 29
Suppose -d = -5*d - 24. Let r = 10 + d. Suppose 0 = r*n - 12, -2*b + n - 23 = -4*b. List the prime factors of b.
2, 5
Let a be (42/(-63))/(2/9). Let s(h) = -h**3 + h**2 + 4*h + 10. List the prime factors of s(a).
2, 17
Suppose 43*r - 45*r = -978. List the prime factors of r.
3, 163
Suppose 0 = 5*v - 2*z - 244, 3*v + 3*z = v + 109. Let n = 139 + v. What are the prime factors of n?
3, 7
Let m = 1455 + -851. What are the prime factors of m?
2, 151
Suppose -5*d = 0, -2*s - 4*d = 2*s - 368. Let r = s - 24. What are the prime factors of r?
2, 17
Let p(x) = 34*x**2 + x + 3. Let b be p(2). Suppose 0 = -4*u + 7*u - b. What are the prime factors of u?
47
Let b = -1 - -6. Suppose 0 = -4*m + 5*m + 3*i, -b*m + 4*i = 0. Suppose m = 2*k + 2*u - 54, -3*u - 7 = -3*k + 2*k. List the prime factors of k.
2, 11
Suppose -4*i + 3 = -1. Let w be i/1 + (4 - 7). Let x(j) = -j**3 + j + 2. List the prime factors of x(w).
2
Suppose -5*t - 4*m + 7*m = -2643, 3*t - 1609 = -4*m. What are the prime factors of t?
3, 59
Suppose 2 + 31 = 3*u. Suppose 14 = -u*m + 12*m. What are the prime factors of m?
2, 7
Let i be -4 + 2/4*124. Suppose -2*x = -i + 8. What are the prime factors of x?
5
Suppose 140 = 6*d - d. Let h = d - 7. Suppose 18*y = 19*y - h. List the prime factors of y.
3, 7
Let g = -28 + 92. Let f = g + -34. Suppose -k - 8 + f = 0. What are the prime factors of k?
2, 11
Let z = 16 + -16. Suppose -d = -z*f + 4*f - 45, 5*f + 3*d = 58. What are the prime factors of f?
11
Suppose -4*l + 3*m + 27 = -0*l,